atest common factor of 5477 and 425239757?
5477
Calculate the highest common divisor of 1062090 and 243.
9
What is the greatest common divisor of 1330840 and 606424?
2744
Calculate the greatest common divisor of 161 and 54152189.
161
What is the highest common factor of 126 and 18441198?
18
What is the highest common divisor of 2376 and 394200?
216
What is the greatest common factor of 58963102 and 341?
11
Calculate the highest common factor of 18295362 and 2538.
54
Calculate the highest common divisor of 686 and 624505.
49
What is the highest common factor of 10 and 57212240?
10
Calculate the greatest common divisor of 8650698 and 121422.
2478
Calculate the highest common divisor of 14736 and 4166160.
48
Calculate the greatest common factor of 84 and 102019204.
28
What is the highest common factor of 3612 and 51887283?
903
What is the highest common factor of 28 and 129425828?
28
What is the greatest common factor of 37 and 2787469?
37
Calculate the highest common factor of 1458 and 1523124.
486
Calculate the greatest common divisor of 18624 and 149009460.
1164
Calculate the greatest common factor of 187162920 and 113400.
7560
Calculate the highest common divisor of 1422 and 31504.
2
Calculate the greatest common factor of 636 and 490679406.
318
Calculate the highest common divisor of 1096241 and 949.
73
Calculate the highest common factor of 889893 and 2403.
27
What is the greatest common divisor of 459 and 11324363?
17
What is the highest common factor of 252 and 8098776?
252
What is the highest common factor of 103443 and 4730625?
2523
Calculate the greatest common divisor of 27612438 and 336.
42
What is the highest common factor of 278965887 and 213?
213
What is the greatest common factor of 122 and 6016?
2
Calculate the greatest common divisor of 27749445 and 57165.
555
Calculate the greatest common factor of 8808 and 1608.
24
What is the greatest common divisor of 28696 and 491776?
136
What is the greatest common divisor of 186852 and 57132?
276
Calculate the greatest common factor of 3562515 and 99.
99
Calculate the highest common divisor of 150666650 and 30.
10
Calculate the highest common factor of 450 and 14521494.
6
Calculate the highest common divisor of 1724432687 and 173.
173
What is the highest common divisor of 917 and 19358003?
7
What is the greatest common factor of 4255200 and 400?
400
Calculate the greatest common divisor of 23274 and 853362.
54
What is the highest common factor of 16564 and 453132?
164
What is the greatest common factor of 80348 and 29183?
379
What is the greatest common factor of 43911 and 4476339?
2583
What is the greatest common divisor of 12989331 and 74?
37
What is the highest common divisor of 1701 and 522942?
21
Calculate the greatest common factor of 14493079 and 15597.
1733
What is the highest common divisor of 274067598 and 2515?
503
What is the greatest common factor of 14738702 and 242?
22
Calculate the greatest common divisor of 592 and 340280120.
296
What is the highest common factor of 72 and 12642522?
6
What is the greatest common factor of 1112850 and 131850?
450
What is the highest common divisor of 24235040 and 835?
835
What is the greatest common divisor of 25447901 and 412?
103
What is the greatest common divisor of 11224 and 499077?
23
Calculate the greatest common factor of 601 and 4021291.
601
What is the greatest common factor of 3998197 and 164?
41
Calculate the highest common divisor of 7922 and 101413483.
3961
Calculate the highest common factor of 1022996 and 7449.
2483
What is the greatest common factor of 582 and 3494522?
194
What is the greatest common factor of 4002 and 7965222?
138
What is the highest common factor of 1079770 and 20558?
38
What is the highest common factor of 1612017 and 3218391?
1881
What is the greatest common factor of 66483 and 232317?
747
Calculate the greatest common factor of 78 and 41808.
78
Calculate the highest common factor of 25055100 and 41.
41
Calculate the highest common factor of 672 and 4286709.
21
Calculate the greatest common factor of 325 and 3109405.
65
Calculate the greatest common divisor of 382448941 and 49.
7
What is the greatest common divisor of 1113104 and 78146?
1906
Calculate the highest common factor of 30134951 and 15092.
3773
What is the greatest common factor of 630 and 57458730?
210
What is the highest common divisor of 64479462 and 1324?
662
Calculate the highest common factor of 26248 and 54746766.
6562
Calculate the highest common factor of 1157 and 299069459.
1157
What is the greatest common factor of 1975749 and 48216?
123
Calculate the highest common factor of 3816536 and 7460.
1492
What is the greatest common factor of 23819180 and 616?
308
Calculate the greatest common factor of 3997459 and 1312.
41
Calculate the greatest common divisor of 64991971 and 44.
11
What is the highest common factor of 23415 and 1942107?
669
Calculate the greatest common factor of 546000 and 96692960.
7280
Calculate the greatest common factor of 39183744 and 6.
6
Calculate the highest common factor of 420 and 24772895.
35
What is the highest common divisor of 2678300884 and 692?
692
Calculate the highest common factor of 14063 and 408954.
49
Calculate the greatest common divisor of 5015 and 44115.
85
Calculate the greatest common factor of 163747268 and 4152.
692
What is the highest common factor of 52 and 2082868?
4
What is the greatest common divisor of 278 and 1878491592?
278
What is the greatest common divisor of 2102768241 and 5901?
5901
Calculate the greatest common factor of 4528904014 and 1202.
1202
What is the highest common factor of 104462 and 25669?
19
What is the highest common divisor of 3524013 and 891?
27
Calculate the highest common factor of 2432 and 1679068.
76
What is the greatest common divisor of 6393 and 429276?
3
What is the greatest common divisor of 2198136 and 2412?
804
What is the highest common divisor of 737 and 59764?
67
What is the highest common factor of 728676390 and 4030?
4030
Calculate the highest common divisor of 22606220 and 70.
70
Calculate the greatest common factor of 26795 and 35305.
115
What is the highest common divisor of 5901 and 2449545?
21
Calculate the highest common divisor of 58999 and 795031.
41
What is the greatest common divisor of 120057575 and 155?
155
What is the highest common divisor of 158345 and 935?
55
What is the highest common factor of 29144451 and 1134?
21
Calculate the greatest common divisor of 4900 and 9837142.
98
What is the highest common divisor of 1032 and 9982536?
1032
Calculate the greatest common divisor of 4547649 and 1663125.
2661
What is the greatest common factor of 4544879 and 3968?
31
Calculate the greatest common divisor of 236458 and 815842.
1238
What is the highest common divisor of 870267472 and 48?
16
What is the highest common factor of 192 and 329836704?
96
Calculate the highest common factor of 17416504 and 448.
56
What is the greatest common factor of 12960 and 2353860?
1620
Calculate the highest common divisor of 6920 and 2437397.
173
Calculate the greatest common factor of 6689783 and 1194.
199
Calculate the highest common factor of 11583966 and 51996.
3714
What is the greatest common divisor of 4400110 and 76670?
1870
What is the highest common factor of 2125250 and 950?
50
Calculate the greatest common factor of 92948856 and 803.
803
What is the highest common factor of 9670346 and 68579?
707
Calculate the highest common factor of 25080 and 43259865.
3135
Calculate the greatest common divisor of 1335386 and 1378.
26
Calculate the highest common factor of 270999154 and 8286.
2762
What is the highest common factor of 2438430 and 100?
10
What is the greatest common divisor of 50 and 8435650?
50
What is the highest common factor of 8148516 and 94088?
2476
Calculate the highest common factor of 5 and 421448445.
5
What is the greatest common divisor of 21457 and 180858?
43
What is the greatest common factor of 30659068 and 352?
44
Calculate the greatest common divisor of 1017071 and 748.
11
What is the greatest common divisor of 87 and 3170499?
3
What is the highest common factor of 3384 and 92196?
36
Calculate the highest common divisor of 4381 and 198211.
13
Calculate the highest common factor of 1821883440 and 3120.
3120
What is the greate